{"id":155,"date":"2024-02-18T20:31:28","date_gmt":"2024-02-18T19:31:28","guid":{"rendered":"https:\/\/astrolabe-suzac.fr\/?page_id=155"},"modified":"2025-05-11T16:33:10","modified_gmt":"2025-05-11T14:33:10","slug":"tarifs","status":"publish","type":"page","link":"https:\/\/astrolabe-suzac.fr\/index.php\/tarifs\/","title":{"rendered":"Tarifs"},"content":{"rendered":"\n<p><strong><u>TARIFS ET CONDITIONS DE LOCATION &#8211; Ann\u00e9e 2025<\/u><\/strong><\/p>\n\n\n\n<p>Location du Samedi au Samedi \u2013 Prix \u00e0 la semaine<\/p>\n\n\n\n<p>Remise de 5 % sur le montant total du s\u00e9jour \u00e0 partir de 2 semaines de location cons\u00e9cutives.<\/p>\n\n\n<div class=\"wp-block-image\">\n<figure class=\"aligncenter size-full\"><img loading=\"lazy\" decoding=\"async\" width=\"700\" height=\"249\" src=\"https:\/\/astrolabe-suzac.fr\/wp-content\/uploads\/2024\/02\/prix.jpg\" alt=\"\" class=\"wp-image-286\" srcset=\"https:\/\/astrolabe-suzac.fr\/wp-content\/uploads\/2024\/02\/prix.jpg 700w, https:\/\/astrolabe-suzac.fr\/wp-content\/uploads\/2024\/02\/prix-300x107.jpg 300w, https:\/\/astrolabe-suzac.fr\/wp-content\/uploads\/2024\/02\/prix-359x128.jpg 359w\" sizes=\"auto, (max-width: 700px) 100vw, 700px\" \/><\/figure>\n<\/div>\n\n\n<p><br><strong><u>R\u00e9servation (arrhes)<\/u> :<\/strong> <strong>40%<\/strong> du montant total du s\u00e9jour \u00e0 la r\u00e9servation, r\u00e8glement par virement bancaire dans les 7 jours suivants la demande de r\u00e9servation.<\/p>\n\n\n\n<p><strong><u>R\u00e8glement du solde&nbsp;<\/u><\/strong><strong>:<\/strong><\/p>\n\n\n\n<p><\/p>\n\n\n\n<ul class=\"wp-block-list\">\n<li>soit par virement bancaire, au plus tard 7 jours avant la date de d\u00e9but de s\u00e9jour,<\/li>\n\n\n\n<li>soit en esp\u00e8ces, sur place \u00e0 votre arriv\u00e9e.<\/li>\n<\/ul>\n\n\n\n<p><strong>La taxe de s\u00e9jour de 1,45\u20ac \/ jour \/ personne sera \u00e9galement \u00e0 r\u00e9gler<\/strong>, sur place \u00e0 votre arriv\u00e9e.<\/p>\n\n\n\n<p>Les ch\u00e8ques ANCV ne sont pas accept\u00e9s.<\/p>\n\n\n\n<p><strong><u>D\u00e9p\u00f4t de garantie<\/u><\/strong>: ch\u00e8que de caution de <strong>600\u20ac<\/strong> sur place \u00e0 votre arriv\u00e9e.<\/p>\n\n\n\n<p><strong><u>M\u00e9nage&nbsp;<\/u><\/strong>: ch\u00e8que de caution de <strong>100\u20ac<\/strong> sur place \u00e0 votre arriv\u00e9e.<\/p>\n\n\n\n<p><strong>Un \u00e9tat des lieux et inventaire seront effectu\u00e9s en d\u00e9but et fin de s\u00e9jour.<\/strong><\/p>\n\n\n\n<p>Heure d&#8217;arriv\u00e9e : le Samedi de 15h \u00e0 17h.<\/p>\n\n\n\n<p>Heure de d\u00e9part : le Samedi entre 10h et 11h.<\/p>\n","protected":false},"excerpt":{"rendered":"<p>TARIFS ET CONDITIONS DE LOCATION &#8211; Ann\u00e9e 2025 Location du Samedi au Samedi \u2013 Prix \u00e0 la semaine Remise de 5 % sur le montant &hellip;<\/p>\n","protected":false},"author":1,"featured_media":0,"parent":0,"menu_order":0,"comment_status":"closed","ping_status":"closed","template":"","meta":{"footnotes":""},"class_list":["post-155","page","type-page","status-publish","hentry"],"_links":{"self":[{"href":"https:\/\/astrolabe-suzac.fr\/index.php\/wp-json\/wp\/v2\/pages\/155","targetHints":{"allow":["GET"]}}],"collection":[{"href":"https:\/\/astrolabe-suzac.fr\/index.php\/wp-json\/wp\/v2\/pages"}],"about":[{"href":"https:\/\/astrolabe-suzac.fr\/index.php\/wp-json\/wp\/v2\/types\/page"}],"author":[{"embeddable":true,"href":"https:\/\/astrolabe-suzac.fr\/index.php\/wp-json\/wp\/v2\/users\/1"}],"replies":[{"embeddable":true,"href":"https:\/\/astrolabe-suzac.fr\/index.php\/wp-json\/wp\/v2\/comments?post=155"}],"version-history":[{"count":15,"href":"https:\/\/astrolabe-suzac.fr\/index.php\/wp-json\/wp\/v2\/pages\/155\/revisions"}],"predecessor-version":[{"id":374,"href":"https:\/\/astrolabe-suzac.fr\/index.php\/wp-json\/wp\/v2\/pages\/155\/revisions\/374"}],"wp:attachment":[{"href":"https:\/\/astrolabe-suzac.fr\/index.php\/wp-json\/wp\/v2\/media?parent=155"}],"curies":[{"name":"wp","href":"https:\/\/api.w.org\/{rel}","templated":true}]}}